{"id":504,"date":"2025-12-24T15:16:50","date_gmt":"2025-12-24T14:16:50","guid":{"rendered":"https:\/\/dentiste-teofanescu.fr\/?page_id=504"},"modified":"2026-01-03T22:08:59","modified_gmt":"2026-01-03T21:08:59","slug":"soins-de-gencives","status":"publish","type":"page","link":"https:\/\/dentiste-teofanescu.fr\/index.php\/soins-de-gencives\/","title":{"rendered":"Soins de gencives"},"content":{"rendered":"\n<figure class=\"wp-block-image alignleft size-full is-resized is-style-rounded wp-duotone-unset-2 is-style-rounded--1\" style=\"margin-top:var(--wp--preset--spacing--20);margin-right:var(--wp--preset--spacing--30);margin-bottom:var(--wp--preset--spacing--20)\"><img loading=\"lazy\" decoding=\"async\" width=\"640\" height=\"424\" src=\"https:\/\/dentiste-teofanescu.fr\/wp-content\/uploads\/2026\/01\/paro.jpg\" alt=\"\" class=\"wp-image-734\" style=\"width:500px\" srcset=\"https:\/\/dentiste-teofanescu.fr\/wp-content\/uploads\/2026\/01\/paro.jpg 640w, https:\/\/dentiste-teofanescu.fr\/wp-content\/uploads\/2026\/01\/paro-300x199.jpg 300w\" sizes=\"auto, (max-width: 640px) 100vw, 640px\" \/><\/figure>\n\n\n\n<p>La maladie parodontale est une infection chronique des tissus qui soutiennent les dents\u202f: gencive, ligament et os. Elle d\u00e9bute souvent par une inflammation superficielle (gingivite ), puis peut \u00e9voluer vers une atteinte plus profonde et destructrice (parodontite). Elle est g\u00e9n\u00e9ralement indolore, ce qui la rend difficile \u00e0 d\u00e9tecter sans examen professionnel.<\/p>\n\n\n\n<div class=\"wp-block-buttons is-content-justification-space-between is-layout-flex wp-container-core-buttons-is-layout-b2891da8 wp-block-buttons-is-layout-flex\">\n<div class=\"wp-block-button\"><a class=\"wp-block-button__link has-text-align-center wp-element-button\" href=\"https:\/\/dentiste-teofanescu.fr\/?your-subject=Evaluation%20des%20gencives#formulaire\">Faites \u00e9valuer vos gencives<\/a><\/div>\n\n\n\n<div class=\"wp-block-button is-style-outline is-style-outline--3\"><a class=\"wp-block-button__link has-text-align-center wp-element-button\" href=\"tel:+33388001286\">Appeler le cabinet<\/a><\/div>\n<\/div>\n\n\n\n<h4 class=\"wp-block-heading\"><strong>Causes principales<\/strong><\/h4>\n\n\n\n<p>La cause principale est l\u2019accumulation de plaque bact\u00e9rienne et de tartre, favoris\u00e9e par un brossage insuffisant ou inadapt\u00e9. D\u2019autres facteurs aggravants incluent le tabac, le stress, certaines maladies g\u00e9n\u00e9rales (diab\u00e8te, immunod\u00e9ficience), et des pr\u00e9dispositions g\u00e9n\u00e9tiques. Une hygi\u00e8ne bucco-dentaire rigoureuse est essentielle pour pr\u00e9venir son apparition.<\/p>\n\n\n\n<h4 class=\"wp-block-heading\"><strong>\u00c9volution sans traitement<\/strong><\/h4>\n\n\n\n<p>Sans prise en charge, la maladie progresse lentement mais irr\u00e9versiblement. Les gencives deviennent rouges, gonfl\u00e9es, saignent spontan\u00e9ment. En suite l\u2019os de soutien se r\u00e9sorbe, les gencives se r\u00e9tractent et les dents deviennent mobiles avec, p\u00e9riodiquement des abc\u00e8s gingivaux. \u00c0 terme, cela peut entra\u00eener la perte des dents, m\u00eame en l\u2019absence de carie. L\u2019impact esth\u00e9tique et fonctionnel peut \u00eatre significatif. Si vous vous retrouvez dans cette situation prenez rendez-vous au <a href=\"tel:+33388001286\">03 88 00 12 86<\/a><\/p>\n\n\n\n<h4 class=\"wp-block-heading\"><strong>Contenu du traitement<\/strong><\/h4>\n\n\n\n<p>Le traitement parodontal (soins de gencives) vise \u00e0 \u00e9liminer les bact\u00e9ries responsables et \u00e0 stabiliser la maladie. Il d\u00e9bute par un bilan complet (sondage, radiographies, diagnostic). Des conseils d\u2019hygi\u00e8ne personnalis\u00e9s sont syst\u00e9matiquement donn\u00e9s. Le bilan est suivi d\u2019un nettoyage approfondi sous la gencive (d\u00e9tartrage et surfa\u00e7age radiculaire). <\/p>\n\n\n\n<h4 class=\"wp-block-heading\"><strong>D\u00e9roulement des soins<\/strong> <\/h4>\n\n\n\n<p>Les soins sont r\u00e9alis\u00e9s en plusieurs s\u00e9ances, selon la s\u00e9v\u00e9rit\u00e9 de l\u2019atteinte. Ils sont indolores et souvent ne n\u00e9cessitent pas une anesth\u00e9sie locale. Ils peuvent \u00eatre accompagn\u00e9s d\u2019un traitement antiseptique. Une phase de r\u00e9\u00e9valuation est pr\u00e9vue quelques semaines apr\u00e8s pour mesurer les progr\u00e8s.<\/p>\n\n\n\n<div class=\"wp-block-buttons is-layout-flex wp-block-buttons-is-layout-flex\">\n<div class=\"wp-block-button\"><a class=\"wp-block-button__link wp-element-button\" href=\"https:\/\/dentiste-teofanescu.fr\/?your-subject=Prise%20en%20charge%20parodontale#formulaire\">Commencer votre prise en charge<\/a><\/div>\n<\/div>\n\n\n\n<h4 class=\"wp-block-heading\"><strong>R\u00e9sultats escompt\u00e9s<\/strong> <\/h4>\n\n\n\n<p>Le traitement permet de stopper l\u2019\u00e9volution de la maladie, de r\u00e9duire l\u2019inflammation et de stabiliser les tissus. Dans certains cas, une r\u00e9g\u00e9n\u00e9ration partielle de l\u2019os est possible. La mobilit\u00e9 des dents peut diminuer, et la gencive retrouve un aspect plus sain. Le maintien des r\u00e9sultats d\u00e9pend d\u2019un suivi r\u00e9gulier et d&rsquo;une hygi\u00e8ne irr\u00e9prochable.<\/p>\n\n\n\n<h4 class=\"wp-block-heading\"><strong>Chirurgie envisageable<\/strong> <\/h4>\n\n\n\n<p>Si certaines poches parodontales persistent malgr\u00e9 le traitement initial, une chirurgie peut \u00eatre propos\u00e9e. Elle permet un acc\u00e8s plus pr\u00e9cis aux zones profondes et un nettoyage complet de ces zones, voire une r\u00e9g\u00e9n\u00e9ration osseuse guid\u00e9e. <\/p>\n\n\n\n<p>Malgr\u00e9 les soins parodontaux, certaines dents trop atteintes ne pourront pas \u00eatre conserv\u00e9es\u202f; elles seront alors retir\u00e9es, puis remplac\u00e9es, une fois la maladie stabilis\u00e9e, par des <a href=\"https:\/\/dentiste-teofanescu.fr\/index.php\/implants-dentaires\/\" data-type=\"page\" data-id=\"478\">implants<\/a>, des <a href=\"https:\/\/dentiste-teofanescu.fr\/index.php\/couronnes-et-bridges\/\" data-type=\"page\" data-id=\"597\">bridges <\/a>ou une <a href=\"https:\/\/dentiste-teofanescu.fr\/index.php\/protheses-amovibles\/\" data-type=\"page\" data-id=\"518\">proth\u00e8se amovible<\/a> adapt\u00e9e.<\/p>\n\n\n\n<h4 class=\"wp-block-heading\"><strong>Foire aux questions<\/strong><\/h4>\n\n\n\n<div data-wp-context=\"{ &quot;autoclose&quot;: true, &quot;accordionItems&quot;: [] }\" data-wp-interactive=\"core\/accordion\" role=\"group\" class=\"wp-block-accordion is-layout-flow wp-block-accordion-is-layout-flow\">\n<div data-wp-class--is-open=\"state.isOpen\" data-wp-context=\"{ &quot;id&quot;: &quot;accordion-item-4&quot;, &quot;openByDefault&quot;: false }\" data-wp-init=\"callbacks.initAccordionItems\" data-wp-on-window--hashchange=\"callbacks.hashChange\" class=\"wp-block-accordion-item is-layout-flow wp-block-accordion-item-is-layout-flow\">\n<h3 class=\"wp-block-accordion-heading has-medium-font-size\"><button aria-expanded=\"false\" aria-controls=\"accordion-item-4-panel\" data-wp-bind--aria-expanded=\"state.isOpen\" data-wp-on--click=\"actions.toggle\" data-wp-on--keydown=\"actions.handleKeyDown\" id=\"accordion-item-4\" class=\"wp-block-accordion-heading__toggle\"><span class=\"wp-block-accordion-heading__toggle-icon\" aria-hidden=\"true\">+<\/span><span class=\"wp-block-accordion-heading__toggle-title\"><strong>La maladie parodontale peut-elle revenir apr\u00e8s le traitement\u202f?<\/strong><\/span><\/button><\/h3>\n\n\n\n<div inert aria-labelledby=\"accordion-item-4\" data-wp-bind--inert=\"!state.isOpen\" id=\"accordion-item-4-panel\" role=\"region\" class=\"wp-block-accordion-panel is-layout-flow wp-block-accordion-panel-is-layout-flow\">\n<p>Oui. M\u00eame stabilis\u00e9e, la maladie peut r\u00e9appara\u00eetre si l\u2019entretien n\u2019est pas rigoureux. C\u2019est une pathologie chronique qui n\u00e9cessite un suivi r\u00e9gulier.<\/p>\n<\/div>\n<\/div>\n\n\n\n<div data-wp-class--is-open=\"state.isOpen\" data-wp-context=\"{ &quot;id&quot;: &quot;accordion-item-5&quot;, &quot;openByDefault&quot;: false }\" data-wp-init=\"callbacks.initAccordionItems\" data-wp-on-window--hashchange=\"callbacks.hashChange\" class=\"wp-block-accordion-item is-layout-flow wp-block-accordion-item-is-layout-flow\">\n<h3 class=\"wp-block-accordion-heading has-medium-font-size\"><button aria-expanded=\"false\" aria-controls=\"accordion-item-5-panel\" data-wp-bind--aria-expanded=\"state.isOpen\" data-wp-on--click=\"actions.toggle\" data-wp-on--keydown=\"actions.handleKeyDown\" id=\"accordion-item-5\" class=\"wp-block-accordion-heading__toggle\"><span class=\"wp-block-accordion-heading__toggle-icon\" aria-hidden=\"true\">+<\/span><span class=\"wp-block-accordion-heading__toggle-title\"><strong>Puis-je continuer \u00e0 travailler apr\u00e8s un surfa\u00e7age ou un traitement parodontal\u202f?<\/strong><\/span><\/button><\/h3>\n\n\n\n<div inert aria-labelledby=\"accordion-item-5\" data-wp-bind--inert=\"!state.isOpen\" id=\"accordion-item-5-panel\" role=\"region\" class=\"wp-block-accordion-panel is-layout-flow wp-block-accordion-panel-is-layout-flow\">\n<p>Oui. Les soins n\u2019emp\u00eachent pas de reprendre une activit\u00e9 normale. Une l\u00e9g\u00e8re sensibilit\u00e9 peut persister quelques heures.<\/p>\n<\/div>\n<\/div>\n\n\n\n<div data-wp-class--is-open=\"state.isOpen\" data-wp-context=\"{ &quot;id&quot;: &quot;accordion-item-6&quot;, &quot;openByDefault&quot;: false }\" data-wp-init=\"callbacks.initAccordionItems\" data-wp-on-window--hashchange=\"callbacks.hashChange\" class=\"wp-block-accordion-item is-layout-flow wp-block-accordion-item-is-layout-flow\">\n<h3 class=\"wp-block-accordion-heading has-medium-font-size\"><button aria-expanded=\"false\" aria-controls=\"accordion-item-6-panel\" data-wp-bind--aria-expanded=\"state.isOpen\" data-wp-on--click=\"actions.toggle\" data-wp-on--keydown=\"actions.handleKeyDown\" id=\"accordion-item-6\" class=\"wp-block-accordion-heading__toggle\"><span class=\"wp-block-accordion-heading__toggle-icon\" aria-hidden=\"true\">+<\/span><span class=\"wp-block-accordion-heading__toggle-title\"><strong>Les soins parodontaux modifient-ils l\u2019esth\u00e9tique du sourire\u202f?<\/strong><\/span><\/button><\/h3>\n\n\n\n<div inert aria-labelledby=\"accordion-item-6\" data-wp-bind--inert=\"!state.isOpen\" id=\"accordion-item-6-panel\" role=\"region\" class=\"wp-block-accordion-panel is-layout-flow wp-block-accordion-panel-is-layout-flow\">\n<p>Dans certains cas, oui : lorsque l\u2019inflammation dispara\u00eet, les gencives se r\u00e9tractent l\u00e9g\u00e8rement, r\u00e9v\u00e9lant davantage la dent. C\u2019est un signe de gu\u00e9rison, pas une complication.<\/p>\n<\/div>\n<\/div>\n\n\n\n<div data-wp-class--is-open=\"state.isOpen\" data-wp-context=\"{ &quot;id&quot;: &quot;accordion-item-7&quot;, &quot;openByDefault&quot;: false }\" data-wp-init=\"callbacks.initAccordionItems\" data-wp-on-window--hashchange=\"callbacks.hashChange\" class=\"wp-block-accordion-item is-layout-flow wp-block-accordion-item-is-layout-flow\">\n<h3 class=\"wp-block-accordion-heading has-medium-font-size\"><button aria-expanded=\"false\" aria-controls=\"accordion-item-7-panel\" data-wp-bind--aria-expanded=\"state.isOpen\" data-wp-on--click=\"actions.toggle\" data-wp-on--keydown=\"actions.handleKeyDown\" id=\"accordion-item-7\" class=\"wp-block-accordion-heading__toggle\"><span class=\"wp-block-accordion-heading__toggle-icon\" aria-hidden=\"true\">+<\/span><span class=\"wp-block-accordion-heading__toggle-title\"><strong>Pourquoi certaines dents deviennent-elles mobiles\u202f?<\/strong><\/span><\/button><\/h3>\n\n\n\n<div inert aria-labelledby=\"accordion-item-7\" data-wp-bind--inert=\"!state.isOpen\" id=\"accordion-item-7-panel\" role=\"region\" class=\"wp-block-accordion-panel is-layout-flow wp-block-accordion-panel-is-layout-flow\">\n<p>La mobilit\u00e9 est li\u00e9e \u00e0 la perte d\u2019attache et d\u2019os autour de la dent. Le traitement permet de stabiliser la situation, mais ne peut pas toujours r\u00e9cup\u00e9rer ce qui a \u00e9t\u00e9 perdu.<\/p>\n<\/div>\n<\/div>\n\n\n\n<div data-wp-class--is-open=\"state.isOpen\" data-wp-context=\"{ &quot;id&quot;: &quot;accordion-item-8&quot;, &quot;openByDefault&quot;: false }\" data-wp-init=\"callbacks.initAccordionItems\" data-wp-on-window--hashchange=\"callbacks.hashChange\" class=\"wp-block-accordion-item is-layout-flow wp-block-accordion-item-is-layout-flow\">\n<h3 class=\"wp-block-accordion-heading has-medium-font-size\"><button aria-expanded=\"false\" aria-controls=\"accordion-item-8-panel\" data-wp-bind--aria-expanded=\"state.isOpen\" data-wp-on--click=\"actions.toggle\" data-wp-on--keydown=\"actions.handleKeyDown\" id=\"accordion-item-8\" class=\"wp-block-accordion-heading__toggle\"><span class=\"wp-block-accordion-heading__toggle-icon\" aria-hidden=\"true\">+<\/span><span class=\"wp-block-accordion-heading__toggle-title\"><strong>Les soins parodontaux peuvent-ils am\u00e9liorer la mauvaise haleine\u202f?<\/strong><\/span><\/button><\/h3>\n\n\n\n<div inert aria-labelledby=\"accordion-item-8\" data-wp-bind--inert=\"!state.isOpen\" id=\"accordion-item-8-panel\" role=\"region\" class=\"wp-block-accordion-panel is-layout-flow wp-block-accordion-panel-is-layout-flow\">\n<p>Oui. La maladie parodontale est l\u2019une des causes principales d\u2019halitose. Le traitement r\u00e9duit fortement les bact\u00e9ries responsables.<\/p>\n<\/div>\n<\/div>\n\n\n\n<div data-wp-class--is-open=\"state.isOpen\" data-wp-context=\"{ &quot;id&quot;: &quot;accordion-item-9&quot;, &quot;openByDefault&quot;: false }\" data-wp-init=\"callbacks.initAccordionItems\" data-wp-on-window--hashchange=\"callbacks.hashChange\" class=\"wp-block-accordion-item is-layout-flow wp-block-accordion-item-is-layout-flow\">\n<h3 class=\"wp-block-accordion-heading has-medium-font-size\"><button aria-expanded=\"false\" aria-controls=\"accordion-item-9-panel\" data-wp-bind--aria-expanded=\"state.isOpen\" data-wp-on--click=\"actions.toggle\" data-wp-on--keydown=\"actions.handleKeyDown\" id=\"accordion-item-9\" class=\"wp-block-accordion-heading__toggle\"><span class=\"wp-block-accordion-heading__toggle-icon\" aria-hidden=\"true\">+<\/span><span class=\"wp-block-accordion-heading__toggle-title\"><strong>Dois-je changer ma brosse \u00e0 dents ou ma technique de brossage\u202f?<\/strong><\/span><\/button><\/h3>\n\n\n\n<div inert aria-labelledby=\"accordion-item-9\" data-wp-bind--inert=\"!state.isOpen\" id=\"accordion-item-9-panel\" role=\"region\" class=\"wp-block-accordion-panel is-layout-flow wp-block-accordion-panel-is-layout-flow\">\n<p>Souvent oui. Une technique adapt\u00e9e et des outils sp\u00e9cifiques (brosses interdentaires, brossettes, hydropulseur) sont essentiels pour maintenir la stabilit\u00e9.<\/p>\n<\/div>\n<\/div>\n\n\n\n<div data-wp-class--is-open=\"state.isOpen\" data-wp-context=\"{ &quot;id&quot;: &quot;accordion-item-10&quot;, &quot;openByDefault&quot;: false }\" data-wp-init=\"callbacks.initAccordionItems\" data-wp-on-window--hashchange=\"callbacks.hashChange\" class=\"wp-block-accordion-item is-layout-flow wp-block-accordion-item-is-layout-flow\">\n<h3 class=\"wp-block-accordion-heading has-medium-font-size\"><button aria-expanded=\"false\" aria-controls=\"accordion-item-10-panel\" data-wp-bind--aria-expanded=\"state.isOpen\" data-wp-on--click=\"actions.toggle\" data-wp-on--keydown=\"actions.handleKeyDown\" id=\"accordion-item-10\" class=\"wp-block-accordion-heading__toggle\"><span class=\"wp-block-accordion-heading__toggle-icon\" aria-hidden=\"true\">+<\/span><span class=\"wp-block-accordion-heading__toggle-title\"><strong>Puis-je utiliser un hydropulseur \u00e0 la place des brossettes\u202f?<\/strong><\/span><\/button><\/h3>\n\n\n\n<div inert aria-labelledby=\"accordion-item-10\" data-wp-bind--inert=\"!state.isOpen\" id=\"accordion-item-10-panel\" role=\"region\" class=\"wp-block-accordion-panel is-layout-flow wp-block-accordion-panel-is-layout-flow\">\n<p>Non. L\u2019hydropulseur est un compl\u00e9ment, mais il ne remplace pas le nettoyage m\u00e9canique des espaces interdentaires.<\/p>\n<\/div>\n<\/div>\n\n\n\n<div data-wp-class--is-open=\"state.isOpen\" data-wp-context=\"{ &quot;id&quot;: &quot;accordion-item-11&quot;, &quot;openByDefault&quot;: false }\" data-wp-init=\"callbacks.initAccordionItems\" data-wp-on-window--hashchange=\"callbacks.hashChange\" class=\"wp-block-accordion-item is-layout-flow wp-block-accordion-item-is-layout-flow\">\n<h3 class=\"wp-block-accordion-heading has-medium-font-size\"><button aria-expanded=\"false\" aria-controls=\"accordion-item-11-panel\" data-wp-bind--aria-expanded=\"state.isOpen\" data-wp-on--click=\"actions.toggle\" data-wp-on--keydown=\"actions.handleKeyDown\" id=\"accordion-item-11\" class=\"wp-block-accordion-heading__toggle\"><span class=\"wp-block-accordion-heading__toggle-icon\" aria-hidden=\"true\">+<\/span><span class=\"wp-block-accordion-heading__toggle-title\"><strong>La maladie parodontale est-elle contagieuse\u202f?<\/strong><\/span><\/button><\/h3>\n\n\n\n<div inert aria-labelledby=\"accordion-item-11\" data-wp-bind--inert=\"!state.isOpen\" id=\"accordion-item-11-panel\" role=\"region\" class=\"wp-block-accordion-panel is-layout-flow wp-block-accordion-panel-is-layout-flow\">\n<p>Elle n\u2019est pas \u201ccontagieuse\u201d comme une infection aigu\u00eb, mais les bact\u00e9ries peuvent se transmettre entre partenaires. Une bonne hygi\u00e8ne et un suivi r\u00e9gulier limitent ce risque.<\/p>\n<\/div>\n<\/div>\n\n\n\n<div data-wp-class--is-open=\"state.isOpen\" data-wp-context=\"{ &quot;id&quot;: &quot;accordion-item-12&quot;, &quot;openByDefault&quot;: false }\" data-wp-init=\"callbacks.initAccordionItems\" data-wp-on-window--hashchange=\"callbacks.hashChange\" class=\"wp-block-accordion-item is-layout-flow wp-block-accordion-item-is-layout-flow\">\n<h3 class=\"wp-block-accordion-heading has-medium-font-size\"><button aria-expanded=\"false\" aria-controls=\"accordion-item-12-panel\" data-wp-bind--aria-expanded=\"state.isOpen\" data-wp-on--click=\"actions.toggle\" data-wp-on--keydown=\"actions.handleKeyDown\" id=\"accordion-item-12\" class=\"wp-block-accordion-heading__toggle\"><span class=\"wp-block-accordion-heading__toggle-icon\" aria-hidden=\"true\">+<\/span><span class=\"wp-block-accordion-heading__toggle-title\"><strong>Les soins parodontaux sont-ils compatibles avec une grossesse\u202f?<\/strong><\/span><\/button><\/h3>\n\n\n\n<div inert aria-labelledby=\"accordion-item-12\" data-wp-bind--inert=\"!state.isOpen\" id=\"accordion-item-12-panel\" role=\"region\" class=\"wp-block-accordion-panel is-layout-flow wp-block-accordion-panel-is-layout-flow\">\n<p>Oui, et ils sont m\u00eame recommand\u00e9s. L\u2019inflammation gingivale peut s\u2019aggraver pendant la grossesse. Certains traitements sont adapt\u00e9s selon le trimestre.<\/p>\n<\/div>\n<\/div>\n\n\n\n<div data-wp-class--is-open=\"state.isOpen\" data-wp-context=\"{ &quot;id&quot;: &quot;accordion-item-13&quot;, &quot;openByDefault&quot;: false }\" data-wp-init=\"callbacks.initAccordionItems\" data-wp-on-window--hashchange=\"callbacks.hashChange\" class=\"wp-block-accordion-item is-layout-flow wp-block-accordion-item-is-layout-flow\">\n<h3 class=\"wp-block-accordion-heading has-medium-font-size\"><button aria-expanded=\"false\" aria-controls=\"accordion-item-13-panel\" data-wp-bind--aria-expanded=\"state.isOpen\" data-wp-on--click=\"actions.toggle\" data-wp-on--keydown=\"actions.handleKeyDown\" id=\"accordion-item-13\" class=\"wp-block-accordion-heading__toggle\"><span class=\"wp-block-accordion-heading__toggle-icon\" aria-hidden=\"true\">+<\/span><span class=\"wp-block-accordion-heading__toggle-title\"><strong>Puis-je faire un blanchiment si j\u2019ai une maladie parodontale\u202f?<\/strong><\/span><\/button><\/h3>\n\n\n\n<div inert aria-labelledby=\"accordion-item-13\" data-wp-bind--inert=\"!state.isOpen\" id=\"accordion-item-13-panel\" role=\"region\" class=\"wp-block-accordion-panel is-layout-flow wp-block-accordion-panel-is-layout-flow\">\n<p>Pas tant que la maladie n\u2019est pas stabilis\u00e9e. Le blanchiment est possible ensuite, une fois les gencives saines.<\/p>\n<\/div>\n<\/div>\n<\/div>\n\n\n\n<p>Avez vous une question?  <a href=\"http:\/\/www.dentiste-teofanescu.fr\/#formulaire\">Contactez-nous<\/a><\/p>\n","protected":false},"excerpt":{"rendered":"<p>La maladie parodontale est une infection chronique des tissus qui soutiennent les dents\u202f: gencive, ligament et os. Elle d\u00e9bute souvent par une inflammation superficielle (gingivite ), puis peut \u00e9voluer vers une atteinte plus profonde et destructrice (parodontite). Elle est g\u00e9n\u00e9ralement indolore, ce qui la rend difficile \u00e0 d\u00e9tecter sans examen professionnel. Causes principales La cause [&hellip;]<\/p>\n","protected":false},"author":1,"featured_media":0,"parent":0,"menu_order":0,"comment_status":"closed","ping_status":"closed","template":"teo-page","meta":{"footnotes":""},"class_list":["post-504","page","type-page","status-publish","hentry"],"_links":{"self":[{"href":"https:\/\/dentiste-teofanescu.fr\/index.php\/wp-json\/wp\/v2\/pages\/504","targetHints":{"allow":["GET"]}}],"collection":[{"href":"https:\/\/dentiste-teofanescu.fr\/index.php\/wp-json\/wp\/v2\/pages"}],"about":[{"href":"https:\/\/dentiste-teofanescu.fr\/index.php\/wp-json\/wp\/v2\/types\/page"}],"author":[{"embeddable":true,"href":"https:\/\/dentiste-teofanescu.fr\/index.php\/wp-json\/wp\/v2\/users\/1"}],"replies":[{"embeddable":true,"href":"https:\/\/dentiste-teofanescu.fr\/index.php\/wp-json\/wp\/v2\/comments?post=504"}],"version-history":[{"count":20,"href":"https:\/\/dentiste-teofanescu.fr\/index.php\/wp-json\/wp\/v2\/pages\/504\/revisions"}],"predecessor-version":[{"id":771,"href":"https:\/\/dentiste-teofanescu.fr\/index.php\/wp-json\/wp\/v2\/pages\/504\/revisions\/771"}],"wp:attachment":[{"href":"https:\/\/dentiste-teofanescu.fr\/index.php\/wp-json\/wp\/v2\/media?parent=504"}],"curies":[{"name":"wp","href":"https:\/\/api.w.org\/{rel}","templated":true}]}}